t x(h) = -3*h**3 - 3*h**2 - h - 2. Let t(z) = -z**2 + 2*z. Let d(c) = t(c) + x(c). Suppose 150*r = 155*r + 10. What is d(r)?
4
Let o = 168 + -115. Let x = -53 + o. Let q(y) = 2 - 2*y + x*y + y + 1. Give q(5).
-2
Suppose 8*c + 12746 = 13*c + 3*t, 3 = -t. Let j(i) = 1 + 3*i - 3*i - 2578*i**2 + c*i**2. What is j(1)?
-26
Let p(l) be the third derivative of l**5/30 + l**4/6 - l**3/3 - 3*l**2. Suppose -117*n = 6*n + 9*n + 660. What is p(n)?
28
Let y be (5 + (-92)/8)/((-15)/(-30)). Let h(j) = j**3 + 13*j**2 - j - 11. What is h(y)?
2
Let v(a) = 4*a + 7. Suppose -18*j - 511 = 191. Let b be j/130 - (-106)/20. Calculate v(b).
27
Let d(j) be the first derivative of -j**3/3 - 33*j**2/2 + 44*j + 705. What is d(-34)?
10
Let r(z) = -6*z**3 + 3*z**2 - 6. Let u(n) = -6*n**3 + 3*n**2 - 5. Suppose -37*c = -58 - 127. Let j(p) = c*u(p) - 4*r(p). Determine j(2).
-37
Let p(l) = l**3 + 18*l**2 + 21*l + 70. Let c be p(-17). Suppose 6*y - c = 8*y + 3*d, -2*d = -3*y - 3. Let v(x) = 4*x**2 - 2 + 6*x**2 + 3. Calculate v(y).
11
Let y(x) be the second derivative of -2/3*x**3 - x**2 + 1/12*x**4 - 2 - 15*x. Give y(3).
-5
Suppose 2*l + 4*u = 40, 2*u + 114 = 2*l + 44. Let q = 37 - l. Let z(o) = o**2 + 2*o**2 + 5 - q*o - 2*o**2. Calculate z(7).
5
Let a(w) be the first derivative of -w**2/2 - 33*w + 1108. What is a(-8)?
-25
Let v(x) be the first derivative of x**6/120 - x**5/15 + x**4/6 - 3*x**2/2 + 17*x + 219. Let k(o) be the second derivative of v(o). What is k(2)?
0
Let d = 0 + 2. Let z(l) be the first derivative of -l**5/60 + l**4/4 - l**3/2 + 41*l**2/2 + 9. Let u(t) be the second derivative of z(t). Determine u(d).
5
Let u(v) = 60*v**2 - 35*v + 34. Let z(q) = -17*q**2 + 12*q - 12. Let o(a) = 2*u(a) + 7*z(a). Determine o(-15).
-1
Let h be 0 + 10 + ((-4)/(-10))/(77/(-770)). Let f(o) = 2*o**2 + 3. Calculate f(h).
75
Let q(d) = -225*d**3 - 27 + 0 + 2 + 226*d**3 - 12*d**2 + 3*d - 15. Give q(12).
-4
Let f be 1496/(-238) + (-2)/(-7). Let j(i) be the second derivative of i**5/20 + i**4/2 + i**3/6 - i**2/2 - 2*i + 38. Calculate j(f).
-7
Let p(g) = 2*g + 17. Let t(x) = x + 8. Let z(r) = -6*p(r) + 13*t(r). Suppose -4987*q + 4978*q - 54 = 0. Determine z(q).
-4
Suppose 63 = 2*v + 5*n, -17*v + 20*v + 3*n - 72 = 0. Let f(b) = -53 - 21*b + 28 + v*b. Give f(-12).
-1
Let w = -4 - -9. Suppose -w*h - 18 = -2*h. Let c(s) = 4*s**2 - 6*s + 2*s**2 - 2 + 9*s - 3 - s + s**3. What is c(h)?
-17
Let q(z) = z**2 - z - 11. Let s be q(8). Suppose -s*k - 45 = -42*k. Let h(j) = -j**3 - 14*j**2 + 14*j - 15. Determine h(k).
0
Suppose -28*t + 33*t - z = 15, -4*t + 5*z = -33. Let u(o) = -o**3 - o + 2. Calculate u(t).
-8
Let b(c) = c**3 - 2*c**2 - 2*c - 4. Suppose 541 - 1755 = 4*j + 3*n, 4*j + 4*n + 1216 = 0. Let s = j - -305. Calculate b(s).
-1
Let x(m) be the third derivative of m**5/60 + 5*m**4/12 - 71*m**3/6 - 25*m**2. What is x(-14)?
-15
Let d(q) be the third derivative of 5*q**4/12 + 5*q**3/3 - 782*q**2. Determine d(-4).
-30
Let z(g) = 3*g. Suppose 0 = -2*o + 2*q - 26, 2*q + 16 = -2*o - 30. Suppose -4*v + 1 = 2*j + 13, -2*j = v. Let l be (1/(-3))/(j/o) - 2. Determine z(l).
3
Let v(p) = -3*p**2 - p + 1. Let j(l) = 6*l + 8*l**2 - 4*l + 86 - 84 + 7*l - l**3. Let c = -15 - -24. Let i be j(c). Calculate v(i).
-13
Let m be 3*((-32)/6 + 3). Let i(f) be the third derivative of -f**6/120 - f**5/10 + 7*f**4/24 + f**3/2 + 4*f**2 - 54*f. Give i(m).
3
Let i(b) = -12*b + 28. Suppose 0 = 724*o - 690*o - 68. Calculate i(o).
4
Let b(j) = 41*j**2 - 48*j + 67. Let a(o) = -19*o**2 + 23*o - 33. Let i(l) = -13*a(l) - 6*b(l). Let y be i(9). Let q(d) = d**2 - 7*d + 3. Determine q(y).
21
Suppose 4 = -10*n - 6. Let z(d) = -3*d**2 + d + 2. Let f(g) = -g**2. Let w(x) = n*z(x) + f(x). What is w(2)?
4
Suppose 3*t + 5 = -1. Let j(r) = -31*r - 2. Let y be ((-4)/(-6))/(8/(-60)). Let b(m) = -21*m - 1. Let i(k) = y*j(k) + 7*b(k). What is i(t)?
-13
Suppose 72*j = -3*u + 68*j - 24, 0 = 16*u - j - 6. Let z(b) = 7*b + 21. Let a(x) = -x - 1. Let m(r) = 6*a(r) + z(r). What is m(u)?
15
Let k(b) = 2*b**3 + 19*b**2 + 45*b + 20. Let q(p) = p**3 + 11*p**2 + 22*p + 10. Let t(s) = 3*k(s) - 7*q(s). What is t(-19)?
-10
Let w(t) = -2*t + 18. Let n = -3863 - -3869. What is w(n)?
6
Let o(d) = 6*d**2 - 36*d**3 - d + 6 + 41*d**3 - 6*d**3. Give o(6).
0
Let c(j) = 5*j**3 + 19*j**2 - 19*j + 11. Suppose -i = 3 - 5. Let n(z) = -2*z**3 - z**2 + z - 1. Let g(w) = i*n(w) + c(w). Give g(-18).
-9
Let n(v) = 17*v + 145. Let t be n(-9). Let k(q) = 7*q + 2*q - 19*q - q**2 - 6. Calculate k(t).
10
Suppose -12*g + 118 + 26 = 0. Suppose 3*k + 6*p - g = p, k - 2*p = 4. Let l(j) = j**3 - 6*j**2 + 5*j + 4. Give l(k).
-8
Suppose -5 = -438*y + 437*y. Let l(q) = -2*q. Determine l(y).
-10
Let x(o) = -15*o - o**2 - 4*o**2 - 211 + 4*o**2 + 218. Let i be (-1)/(195/48 - 4). Determine x(i).
-9
Let p(j) = 13*j + 25. Suppose -d - h = 11, -34 = 6*d - 3*d + 4*h. Calculate p(d).
-105
Let d(t) = -3*t - 5*t**3 + 5*t**2 + 6 - t + 4*t**3. Let x(v) = v**2 - 13*v + 23. Let j be x(15). Let q = j + -49. Determine d(q).
6
Let q(j) = j**3 + 5*j**2 + 6*j + 6. Suppose 3*g = -3*g + 600. Suppose 36 = -109*c + g*c. What is q(c)?
-2
Let f(w) be the third derivative of -w**5/60 - w**4/24 - w**3/6 - w**2 - 43*w. Let k(j) = 4*j**2 - 2*j - 6. Let v(z) = 3*f(z) + k(z). Determine v(7).
5
Let n(a) = -4*a - 10. Let x(z) = -z - 1. Let y(u) = 2*n(u) - 10*x(u). Let d = -54 + 47. Give y(d).
-24
Let k(n) = -4*n - 20. Let l(m) = -425*m + 2980. Let p be l(7). Calculate k(p).
-40
Let r(v) = v**2 - 3*v + 6. Let s(g) = 5*g - 10. Let n(w) = -w**3 + 11*w**2 - 10*w + 11. Let o be n(10). Suppose -o*y + 0*y = -33. Let p be s(y). Calculate r(p).
16
Let m(w) = 59*w + 1895. Let b be m(-32). Let c = -4 - -6. Let t(p) = -5 + 2*p**c - p**2 - b*p + 6. Calculate t(7).
1
Let n be ((-20)/(-6))/(24/36). Let m(f) = -f**3 + 3*f**2 + 13*f - 21. What is m(n)?
-6
Let b(w) be the first derivative of w**2 + w - 2. Suppose 76*q + 80*q - 567 = -33*q. Calculate b(q).
7
Let c(p) be the third derivative of 1/120*p**6 + 0 + 1/30*p**5 + 0*p - 1/8*p**4 + 131*p**2 + 0*p**3. What is c(-3)?
0
Let b(m) = m + 1 - 5 + 7*m**2 - 39*m**3 + 38*m**3. Let o(h) = 9*h + 70. Let p be o(-7). What is b(p)?
3
Let u be 0 - -1 - (3 - (-17 + 11)). Suppose 5*m + y = 2*m + 21, -3 = -y. Let d = u + m. Let t(v) = -2*v**3 + 2*v. What is t(d)?
12
Let b(s) = 5*s**3 + 8*s**2 - 5*s + 8. Let j(n) = -5*n**3 - 6*n**2 + 4*n - 6. Let z(k) = -4*b(k) - 5*j(k). What is z(2)?
30
Suppose -7 = u - 2*a, -2*u = -3*u + 5*a - 1. Let s(w) = 7*w - 14. Let k(c) = -38*c + 71. Let b(t) = u*s(t) - 2*k(t). Determine b(13).
-1
Let c(r) be the first derivative of r**2 - 14*r - 2. Suppose 4*h - u = 37, 240*h + u = 241*h - 7. Let n be c(h). Let l(k) = -k + 4. Determine l(n).
-2
Let y(z) = -68*z. Let c(q) = -487*q - 76. Let v(b) = -c(b) + 7*y(b). What is v(-5)?
21
Let k(c) = -7*c + 7. Let z(y) = -2*y. Suppose 0 = -3*t + 1 + 11. Let u(p) = t*z(p) - k(p). What is u(-4)?
-3
Suppose 0 = 22*t - 92 + 26. Let y(k) = 0*k + 2*k**3 - 355*k**2 + 349*k**2 + 7 + 2*k - t*k**3. What is y(-6)?
-5
Let k(z) = 2*z + 10. Let b be 3598/42 - (-1)/3. Let s = 79 - b. Give k(s).
-4
Let k(l) = l + 1. Let v(t) = 1. Let a(g) = 2*k(g) - v(g). Let n be (-2576)/1104*(-6)/(-7). Calculate a(n).
-3
Let t(r) = 53*r**2 + 2*r + 12. Let w(m) = -96*m**2 - 3*m - 22. Let a(o) = 11*t(o) + 6*w(o). Determine a(-1).
3
Let x = 2 + 2. Let n(a) = -x*a + 0*a + 5*a + 4. Let z = 1043 + -1048. What is n(z)?
-1
Let a(t) be the second derivative of -5*t**3/6 - 33*t**2/2 - 2*t + 341. Calculate a(-6).
-3
Let u(a) = -3*a**2 + 5*a**2 + 164*a - 165*a - 2 + 3*a**2 - 4*a**2. Determine u(3).
4
Let d(q) = 25*q - 6. Let m be d(-2). Let c be (-36)/162 + m/(-9). Let p(r) = -r**2 + 7*r - 7. Determine p(c).
-1
Let w be 10/(-440)*16 + (-62)/11. Let p(l) be the first derivative of -5/2*l**2 + 1/4*l**4 + 5/3*l**3 + l - 1. Calculate p(w).
-5
Let w(r) = 11*r - 35. Let b(j) = 27*j - 70. Let q(y) = -3*b(y) + 7*w(y). Determine q(-10).
5
Let a = -10188 + 10190. Let s(m) = 13*m**2 - 2*m + 1. Calculate s(a).
49
Let q(d) = 6*d + 51. Suppose -80*a - 358 - 380 = 2*a. Determine q(a).
-3
Let c(r) = 3*r**3 + 93*r**2 - 95*r + 21. Let a be c(-32). Let m(u) = 21*u + 234. Determine m(a).
3
Let j(l) be the second derivative of -l**4/12 + 7*l**3/6 + 4*l**2 - 440*l + 1. Calculate j(6).
14
Let c be (-